?
False
Let o be 48 - ((-3 - -3) + 1). Suppose -o - 48 = -5*c. Is c prime?
True
Suppose 2249 = 8*a - 95. Is a prime?
True
Let h = 227 - -1284. Is h a prime number?
True
Let a = 8 - -355. Suppose -b + a = 2*b. Is b composite?
True
Let b = -176 - -541. Is b a composite number?
True
Is 20/(-5) - (-4783 + -2) prime?
False
Let i = -3 - -5. Suppose i*q = -2*q + 524. Is q a prime number?
True
Let q = -1104 - -1693. Is q prime?
False
Suppose -2340 = -7*z + 3*z + 2*f, 8 = 2*f. Is z prime?
True
Let c(i) be the second derivative of 29*i**3/3 - i. Suppose 0 = -12*h + 10*h + 2. Is c(h) prime?
False
Suppose 218 = 4*y - 2*k, -270 - 4 = -5*y + 4*k. Let c = 75 - y. Let q = 58 + c. Is q composite?
False
Suppose -4*z = -5*b - 141, 0 = -b - b - 2. Is z prime?
False
Let z = 113 - 55. Is z composite?
True
Let l = -3 - -8. Let f(k) = 8*k - 3. Is f(l) prime?
True
Let i = -1835 + 3682. Is i a prime number?
True
Let t(m) = -43*m - 6. Let o(s) = -s - 1. Let u(x) = -6*o(x) + t(x). Let p(n) = -2*n + 1. Let d be p(1). Is u(d) a prime number?
True
Let f(a) = -4 + a**2 + 2 - 3 - 2*a + 0. Let n(i) = -i**2 - i + 2. Let q be n(2). Is f(q) a composite number?
False
Let x be 20/6*(-12)/(-8). Suppose 2*r + 609 = x*r. Is r composite?
True
Suppose -3*r - 4*b = 45 - 8, -5*b = 5. Is r/((-368)/(-124) + -3) a composite number?
True
Suppose 69 - 1356 = -p. Suppose 5*x + 272 - p = 0. Is x prime?
False
Suppose 1124 = 3*j - 2179. Suppose j = 5*l - 414. Is l a composite number?
True
Let i(l) = 18 - 1 + l**2 + 30. Suppose 2*q = -2*d + 2, 5*q = 2*d + d - 3. Is i(q) composite?
False
Let l(j) = 3*j - 36. Let a(y) = -y + 12. Let k(o) = -8*a(o) - 3*l(o). Is k(9) a prime number?
True
Let h be (-1396)/(-6) + 6/(-9). Let f = -41 + h. Is f composite?
False
Let c(p) = 16*p**2 - 2*p + 1. Let r(m) = -m + 4. Let t(l) = 7*l**2 + l. Let d be t(-1). Let s be r(d). Is c(s) composite?
True
Let k(j) = 14*j - 6. Let t be k(6). Suppose 0 = -0*a + 3*a - t. Is a a composite number?
True
Suppose m - 5*d - 81 = 0, -2*d - 340 = -4*m + 2*d. Let w = m + -39. Is w composite?
False
Suppose i + 3*p + 12 + 81 = 0, -4*i - 402 = -3*p. Let r be ((-66)/(-4))/(6/64). Let d = r + i. Is d a prime number?
False
Let w be ((-1)/2)/(2/(-24)). Let n be 111*2/w*1. Let u = -4 + n. Is u a composite number?
True
Let a be (12/(-15))/((-4)/10). Suppose -s - 12 = 4*g + a*s, g - 4*s - 16 = 0. Suppose g = -3*q - 2*q + 415. Is q a composite number?
False
Suppose t + 121 = -17. Let v = t + 88. Let l = v + 83. Is l a prime number?
False
Suppose 0*k - 6077 = -5*j + 3*k, 3*k - 4840 = -4*j. Is j composite?
False
Suppose p - 19 = -7. Let a be (364/p)/((-2)/(-24)). Suppose -4*g = -0*g - a. Is g a composite number?
True
Let f(t) = 27*t**3 + 2*t - 3. Let z be f(2). Suppose 108 = 5*l - z. Is l a prime number?
False
Let n = 608 + -338. Suppose -i + n = 5*v + 4*i, 0 = -i - 5. Is v a prime number?
True
Let z(h) = 2*h**2 - 2*h + 1. Is z(-6) prime?
False
Suppose -2*x + x = 25. Let y be 36/10*x/(-10). Suppose 3*v - 246 = -y. Is v a prime number?
True
Let y = -5 + 8. Suppose u = -u + 74. Suppose -2*l - u = -y*l. Is l composite?
False
Let v(n) = 4*n**3 - 4*n**2 + n + 2. Let s be v(2). Let r = s + 18. Is r composite?
True
Let f be ((-2)/(-4))/(2/(-36)). Let d = 13 + f. Suppose 0 = 9*s - d*s + 20, -5*s = 2*n - 24. Is n a prime number?
False
Suppose -4*c + 9*c - 5435 = 0. Is c a composite number?
False
Let k(r) = -r**3 + 11*r**2 + 8*r + 2. Let y be k(9). Let n = y - 51. Is n prime?
False
Suppose -4*d = -4356 - 3400. Is d composite?
True
Let r(n) be the third derivative of 29*n**5/60 - n**4/8 + 5*n**3/6 + 9*n**2. Is r(2) a prime number?
False
Let h(c) = -c**3 - 8*c**2 + 2*c - 4. Is h(-9) a prime number?
True
Suppose 27 = 4*m + g, 3*m - 3*g - 11 + 2 = 0. Let b(l) = 3*l**2 + 12*l + 2. Let h(p) = p**2 + 4*p + 1. Let j(t) = 6*b(t) - 17*h(t). Is j(m) composite?
True
Let k = 1486 - 929. Is k a prime number?
True
Let s(g) = g**2 + 4*g. Let q(y) = y**3 - 7*y**2 + 7. Let u be q(7). Is s(u) prime?
False
Let a(s) = -s + 9. Let r be a(6). Suppose r*o - 3*g - 6 = 0, o - 6*o - g = -4. Is o - (-54 - 0/1) prime?
False
Is (22/(-11))/(-1 - (-2634)/2638) a composite number?
False
Let r be (-5)/(-3)*(12 + 0). Let h = 41 - r. Is h a composite number?
True
Suppose 18*t - 22*t + 572 = 0. Is t a prime number?
False
Suppose -28*p + 518 = -26*p. Is p prime?
False
Let w(l) = -l**2 - 6*l - 9. Let y(s) = s**2 + 5*s + 9. Let i(t) = 4*w(t) + 5*y(t). Is i(0) a prime number?
False
Let k = 1 + 1. Let i(y) = 2*y**3 + 3 + 4*y**2 - 5*y**3 + 4*y**3 - 4*y. Is i(k) a prime number?
True
Suppose 3*m - 78 = m - 2*v, 36 = m + 2*v. Suppose -38 = -2*q - 3*f, -m = -3*q - 2*f + 5. Is q prime?
True
Let m be 612/126 + 1/7. Suppose -471 = -m*l + 2*l. Is l composite?
False
Suppose 4*f + g + 139 = 765, 0 = f - 5*g - 167. Is f a composite number?
False
Let p(n) be the third derivative of n**7/210 - n**6/720 - n**5/120 + n**4/24 - n**2. Let g(u) be the second derivative of p(u). Is g(-2) prime?
False
Let f(j) = -8*j + 19. Let m(g) = -3*g**2 - 5*g - 2. Let d be m(-3). Is f(d) prime?
True
Suppose 0 = -5*a + 7 + 3. Let f(w) = -6*w**2 + w**3 + w + 8*w**3 + 4*w**2 + 1. Is f(a) prime?
True
Let b(s) be the third derivative of -3*s**4/8 - 7*s**3/6 + 2*s**2. Let h be 4/(-6) + (-16)/3. Is b(h) prime?
True
Let m = -128 - -252. Suppose -3*y + m = y. Is y a composite number?
False
Let t be (74/(-3))/(2/24). Let a = -135 - t. Is a a composite number?
True
Let g(t) = t**2 + 5*t - 7. Let l(v) = v**3 + 8*v**2 - 8*v - 7. Let r be l(-9). Let m = -9 - r. Is g(m) a composite number?
True
Let n be -12*3/(-6) + -1. Suppose -318 = -s - s + n*w, 157 = s - 2*w. Is s a prime number?
True
Let u be (-4)/6 - (-602)/(-6). Let k = 168 + u. Is k composite?
False
Let d = 8 - 6. Is 16/(d + 0) + -1 composite?
False
Let w be (-3)/(-2)*2 + 0. Suppose -w*f = f - 220. Is f prime?
False
Suppose -4*h + 0 = -24. Suppose 61 + h = m. Is m a composite number?
False
Let n be (2 - -1) + 1 + -12. Suppose -73 = -5*b - 213. Is n/(-2)*(-889)/b a prime number?
True
Let i(f) = 154*f + 63. Let v(n) = 17*n + 7. Let z(j) = 3*i(j) - 28*v(j). Is z(-7) a prime number?
False
Let u(b) = 2*b - 15. Let n(a) = a + 1. Let f(j) = -4*n(j) - u(j). Is f(-9) a composite number?
True
Is ((-2678)/(-4) + -1)*(0 + 2) composite?
True
Let i = -68 + 127. Is i composite?
False
Let c = -81 - -238. Is c prime?
True
Is ((-7)/(-14))/(1/74) prime?
True
Suppose 0 = 5*k + 2*l - 7563, -k - 2*l + 3*l = -1507. Is k a prime number?
True
Let q(w) = 48*w**2 + w + 1. Let f be q(-1). Let x be 164/6 + 10/15. Suppose 2*i - x = f. Is i prime?
False
Let n be ((-124)/(-2))/((-6)/(-15)). Suppose 3*s - n = 2*j, -200 = 2*s - 6*s - 4*j. Is s a prime number?
False
Is (-6975)/(-36) + (-2)/(-8) a composite number?
True
Let y(c) = 5*c - 1. Let o be y(1). Let i(t) = -t**3 + t**2 + 2*t - 5. Let j be i(-5). Suppose -37 = -o*p + j. Is p a composite number?
False
Suppose -5*q = -4*c - 41 - 40, 1 = c. Let r = q - -4. Is r a prime number?
False
Let a = 3 - 2. Suppose -20 = -3*u + a. Is u prime?
True
Is (-3)/15 - 3888/(-15) prime?
False
Let m(t) = -t**2 + 5*t + 7. Let p(o) = -o**3 + 5*o**2 + 7*o - 1. Let l be p(6). Is m(l) composite?
False
Suppose 0 = 3*a, 0 = -x - x + a + 2. Let s(j) = 78*j**3 + j**2 - j + 1. Let q be s(x). Suppose -z = -0*z - q. Is z a prime number?
True
Suppose 5*v + 10 = 0, -3*v - 33 = -0*k - 3*k. Suppose 0 = -k*t + 4*t + 290. Is t a composite number?
True
Let z(q) = -413*q. Let b be z(-2). Suppose -4*n + b = -174. Suppose n = 5*j + 5*v, -5*j + v + 223 = -21. Is j prime?
False
Suppose -5*d - 4*f + 16 = -d, d = 4*f - 1. Let c = -1 + 5. Suppose 643 = c*o + l, o - l = d*o - 321. Is o composite?
True
Let p(f) = -f**3 + f**2 - f - 1. Let v be p(-1). Is v + 0 + (-1 - -30) a composite number?
False
Let u(p) = -p + 13. Let x be u(6). Suppose 2*w = x*w. Is 159 + (-3)/(-6)*w a composite number?
True
Let n(q) = -6 + 3*q + 2 - q. Let x be n(3). Suppose -3*d + 3*u + 108 = 0, -6*d + d + x*u = -174. Is d prime?
False
Let l = 148 + -111. Is l a composite number?
False
Let o(b) = 3802*b + 1. Is o(1) prime?
True
Let q be (30/(-40))/((-2)/2056). Is q/6*1*2 a composite number?
False
Let f be 27/12 - 4/16. Is f/6 + 3784/24 prime?
False
Let s(y) = -2*y + 1. Let k be s(-1). Suppose 810 = 5*a - 5*h, -k*a + 2*h + 482 = -3*h. Let m =